est common factor of r and g.
7
Let i = 75 + -53. What is the highest common factor of 33 and i?
11
Let x = -2 - -1. Let t = 7 - x. Let f be t - 3/9*0. What is the greatest common divisor of 32 and f?
8
Suppose 0 = -2*n + 49 + 77. What is the highest common divisor of 21 and n?
21
Let p(x) = 44*x**2 + 2*x + 3. Let m be p(-2). Let w = -416 - -441. What is the greatest common divisor of w and m?
25
Suppose 0*q - 56 = -2*q - 2*i, 3*i + 36 = 2*q. Let c = -14 + q. What is the highest common divisor of 10 and c?
10
Let h(l) = l**2 + 1. Let z be h(8). Calculate the greatest common factor of z and 26.
13
Suppose 0 = 2*p - 419 + 23. Let u(x) = x**2 - 3*x - 10. Let k be u(-4). What is the highest common divisor of p and k?
18
Let s be (-22)/(-4) + 12/8. What is the greatest common factor of s and 28?
7
Suppose 2*p = 3*p + 25. Let h = 11 - p. Suppose -4 = 4*k, -5*x = -7*k + 2*k - 65. What is the greatest common divisor of x and h?
12
Let n = 16 - 1. Suppose -k + 105 = -0*k. Calculate the greatest common factor of n and k.
15
Suppose 0 = a - 3, -5*a = 3*p + 3 - 114. Let h be (-3)/(-1)*(p + 3). What is the greatest common factor of 15 and h?
15
Let f(t) = 26*t**2 - t + 1. Let n be f(2). Suppose -279 = -4*u - n. Calculate the highest common divisor of 4 and u.
4
Suppose 0 = i - 6*i + 10. Let y = -2 + i. Suppose 5*o - 103 - 37 = y. Calculate the greatest common divisor of o and 7.
7
Suppose 112 = 4*a - 0*a. Let f = -18 + a. Suppose 0 = 4*i - i + 5*z - 155, 4*z + 196 = 4*i. What is the highest common factor of i and f?
10
Let b be -2 + 1 + 7/(-7). Let u be (b/(-4))/(17/442). Calculate the greatest common factor of 104 and u.
13
Let y = 60 - 50. What is the greatest common factor of y and 20?
10
Suppose 9*k - 50 = 4*k. Suppose l - 2*r + k = 2*r, 0 = 3*l - 3*r + 3. Let o be ((-6)/(-18))/(1/12). What is the highest common factor of l and o?
2
Suppose 3*u + 1 = -2. Let v be u*1 - (3 + -17). Let s(j) = j**2 - j + 52. Let p be s(0). Calculate the highest common divisor of v and p.
13
Let o be (-184)/(-7) - (-4)/(-14). Let j(h) = -5*h**2 + 3*h**2 + 6*h + 4*h**2 - 7. Let t be j(-5). Calculate the greatest common factor of t and o.
13
Let d = -29 - -32. Calculate the highest common divisor of 33 and d.
3
Suppose -5*o - 25 + 10 = 0. Let p be 18 + (2 - (-3 - o)). Calculate the highest common factor of p and 20.
20
Let l be (10/(-30))/((-2)/6)*315. Calculate the highest common divisor of l and 35.
35
Suppose 3*h + 31 + 7 = o, 5*h = o - 64. Let q be (-1)/3 + h/(-3). Suppose -q*t + 31 = z - 14, -z - 27 = -2*t. Calculate the greatest common factor of t and 48.
12
Suppose -3*v - 5*o + 1 = -7*v, 0 = v - 4*o - 8. Let j(f) = -f**3 - 3*f - 1. Let l be j(v). Let p = -16 - -31. What is the greatest common divisor of p and l?
15
Let r = -2 + 6. Calculate the greatest common factor of 1 and r.
1
Let u be (20/(-1))/(-4 + 2). Calculate the highest common divisor of 30 and u.
10
Let v be (-1)/1 + 8 + -2. Suppose -v*r + r + 24 = 0. Let h = r + -5. What is the greatest common factor of h and 7?
1
Suppose -2*o = 4*t - 2, 3*o = -4*t - 0 + 3. Suppose t = n + n - 6. Suppose n = u - 2. What is the highest common factor of 5 and u?
5
Suppose 0*c = c - 63. Let m = c - 45. Calculate the greatest common divisor of 12 and m.
6
Let b(g) = 10*g - 17. Let r be b(4). Calculate the highest common factor of r and 184.
23
Suppose 0 = 2*h + 12. Let m = h + 18. Calculate the highest common factor of m and 132.
12
Let f = -3 - -5. Suppose -5*v + 3*p = -27, 4*v - 4*p = -f*p + 20. Let u be (v + -7)*(-6)/4. What is the highest common factor of 54 and u?
6
Let t(r) = r**3 + 6*r**2 - 5. Let c be t(-3). Calculate the greatest common divisor of 66 and c.
22
Suppose -3*u + 97 = t + 16, -3*t = 4*u - 108. What is the greatest common divisor of u and 297?
27
Suppose 8 = -6*z + 2*z. Suppose 0 = a - 1 + 10. Let r be a/z*(-40)/(-12). What is the highest common factor of 30 and r?
15
Let p be (-1*6)/(-3) - -1. Let q(t) = -t**3 - 4*t**2 - t + 4. Let m be q(-4). Let h = m - p. What is the greatest common divisor of h and 15?
5
Let t = 61 + -41. Let s = -11 + t. What is the highest common divisor of 45 and s?
9
Suppose -528 = -2*d + 2*u, -2*u + 792 = 3*d + 2*u. What is the greatest common divisor of d and 24?
24
Let s(b) = b**2 - 7*b + 12. Let y be s(6). Let j be 28/5 + 2/5. Let k be (22/j)/(2/36). What is the highest common factor of k and y?
6
Let d(u) = u - 3. Let b be d(5). Let c be (-6)/b*5/(-15). What is the highest common divisor of c and 2?
1
Let b(k) = k - 5. Let x be b(22). Calculate the highest common factor of 136 and x.
17
Suppose 0 = 2*q + 3*d + 10, q + 0*q = -4*d - 15. Let l be 0/(-1) + q + 21. What is the greatest common factor of 242 and l?
22
Let f be 4/(-30) - (-9008)/60. What is the greatest common divisor of f and 30?
30
Let v = 105 + -69. Suppose z - v = -2*z. Calculate the greatest common divisor of z and 12.
12
Suppose -3*u + 4 = u. Let b be 26/(-8)*(-7 - u). Let t be ((-78)/9)/(2/(-3)). What is the highest common factor of t and b?
13
Suppose 0 = 4*b - 2*h + 2, -h + 2 = 1. Let k be (1*-5)/(b + -1). Let t = 50 + -10. What is the highest common factor of t and k?
5
Suppose -12 = -4*o + 2*o. Let x(b) = 12*b**2 + 6*b - 5. Let j be x(4). Suppose -j = -4*g - 67. What is the highest common divisor of o and g?
6
Let a = 5 + 8. Calculate the highest common factor of 143 and a.
13
Let c(l) = 2*l + 18. Let o be c(-6). What is the greatest common divisor of o and 6?
6
Suppose -3*f = -0*f - 4*n - 62, -2*n + 24 = f. Calculate the highest common divisor of 55 and f.
11
Let l(p) = 2*p**2 - 3*p - 9. Let q be l(-2). Calculate the highest common factor of 55 and q.
5
Suppose 3*s = u + 5, -7*s = -10*s + 12. Let j be (-2)/8 + (-170)/(-8). What is the greatest common divisor of j and u?
7
Suppose 4*m - 22 = 6. Let a = m - -1. Let i(d) = -3*d + 3. Let z be i(-3). Calculate the highest common divisor of a and z.
4
Let o = 65 + -33. Suppose -3*u + 8 = -2*u. What is the greatest common divisor of o and u?
8
Suppose 3 = 3*f - 3. Let j(c) = -7*c - 3 + 6 - c**2 + f*c**2. Let l be j(7). Calculate the highest common factor of 15 and l.
3
Let m = 0 - 13. Let j = 18 + m. Suppose 2*v - 5 = v. Calculate the highest common divisor of v and j.
5
Suppose -1 + 0 = -c. Let x be 5 - (c - (0 + 3)). What is the highest common divisor of 35 and x?
7
Let o be (-72)/(-5) - (-2)/(-5). What is the highest common factor of o and 56?
14
Suppose j + 3*s - 28 = 0, 0 = 2*j + s - 21 - 15. Suppose u - 3*u = -j. What is the highest common factor of u and 16?
8
Let o(w) = 143*w**2 - w - 1. Suppose -5*g = -4 - 6. Suppose 2*b - 2 = 3*q - 3, g = -b. Let n be o(q). What is the highest common divisor of 13 and n?
13
Suppose 4 = -0*s + 4*s. Let g = 0 + 2. Suppose -d = -g*d + 5. What is the highest common factor of d and s?
1
Let q = 14 - 7. Calculate the greatest common factor of 21 and q.
7
Let s = -16 - -20. Calculate the highest common divisor of s and 8.
4
Suppose i + 2*i + 90 = 5*k, -2*i - 72 = -4*k. Calculate the greatest common divisor of k and 9.
9
Suppose 0 + 3 = 3*j + 3*n, 5*j = 2*n - 9. Let g be -1*2*195/(-10). Let a be j/(g/(-36) - -1). Calculate the highest common divisor of a and 84.
12
Let o be (8/28 - 0) + (-561)/(-21). Let m(b) = 2*b**2. Let n be m(-3). Calculate the highest common divisor of o and n.
9
Let o be (-58)/(-4) - (-10)/(-20). Calculate the greatest common divisor of o and 182.
14
Let k(v) = v**3 + 5*v**2 - 6*v + 6. Let a be k(-6). Let h(q) = 9*q - 7. Let c be h(5). Let b = -26 + c. Calculate the greatest common factor of a and b.
6
Let v(d) = 33*d + 10. Let a be v(11). Suppose 3*h - y = a, 3*h - 5*y = 7*h - 529. Calculate the highest common factor of 18 and h.
18
Let t be (-12)/(-15)*(-15)/(-6). Let n be (t/(-4))/((-3)/216). Calculate the greatest common divisor of 18 and n.
18
Suppose 0 + 40 = 4*m. Let v be -1*(-2 - -1)*15. Calculate the greatest common factor of v and m.
5
Suppose 0 = 8*m - 4*m + 172. Let j = 61 + m. What is the greatest common factor of 2 and j?
2
Let z = 20 + -14. What is the greatest common factor of 30 and z?
6
Suppose k - 31 = -5*v + 17, 0 = 4*v - k - 33. Suppose o = -4*o + 25. Suppose -o*l + 108 = -l. What is the highest common factor of l and v?
9
Let b be 1/1*2 - -32*1. What is the highest common divis